019
Let p(a) = 2*a**2 - 14473*a - 101296. What is p(-7)?
113
Let g(z) = -2*z**2 - 162*z + 5198. Calculate g(26).
-366
Let x(v) = 19463*v - 116910. Give x(6).
-132
Let d(q) = 214*q**2 - 2337*q - 359. What is d(11)?
-172
Let g(q) = 83*q**2 + 652*q + 3766. What is g(-6)?
2842
Let g(w) = -17867*w + 17677. Give g(1).
-190
Let t(z) = 225*z - 31677. Determine t(140).
-177
Let a(j) = -125*j**3 + 242*j**2 - 13*j + 12. Determine a(2).
-46
Let t(o) = 25*o**2 + 165*o + 281. Calculate t(-9).
821
Let x(k) = k**3 - 7*k**2 - 96*k + 583. What is x(14)?
611
Let v(h) = -1132*h - 21443. What is v(-19)?
65
Let i(y) = 9*y**2 + 2243*y + 541. Determine i(-249).
43
Let f(g) = -2228*g - 19835. What is f(-9)?
217
Let v(j) = j**3 + 49*j**2 + 475*j + 25. Give v(-13).
-66
Let x(w) = -269754*w + 809253. Give x(3).
-9
Let i(k) = 2*k**3 + 37*k**2 + 167*k - 7. Give i(-13).
-319
Let t(c) = 34157*c - 1810328. Determine t(53).
-7
Let y(v) = -v**3 + 3*v**2 + 135*v - 621. What is y(8)?
139
Let l(d) = -31*d**2 - 41*d - 334. What is l(-8)?
-1990
Let g(f) = -9*f**2 + 13798*f + 151776. What is g(-11)?
-1091
Let z(k) = 6*k**2 - 156*k - 68. Determine z(22).
-596
Let n(l) = 46599*l - 186537. Determine n(4).
-141
Let r(d) = -10*d**3 + 750*d**2 - 26*d + 127. Give r(75).
-1823
Let a(k) = -10*k**2 + 3041*k + 8914. Calculate a(307).
11
Let i(k) = -5*k**3 + 127*k**2 - 611*k + 1. What is i(18)?
991
Let b(k) = 62*k**3 - 307*k**2 - k + 31. Calculate b(5).
101
Let b(g) = 2*g**2 - 3979*g + 1487526. Determine b(499).
7
Let i(c) = 37866*c - 416373. Determine i(11).
153
Let w(g) = 3*g**3 - 34*g**2 - 75*g + 58. What is w(13)?
-72
Let t(p) = -2*p**2 - 459*p + 65465. Give t(-329).
-6
Let b(t) = -1100*t + 29642. Determine b(27).
-58
Let m(j) = j**3 + 2*j**2 - 54*j - 249. Calculate m(-11).
-744
Let l(m) = m**3 + 24*m**2 - 73*m - 70. Determine l(-27).
-286
Let g(k) = 32554*k + 390655. What is g(-12)?
7
Let g(y) = -4*y**3 + 38*y**2 + 66*y - 266. Determine g(4).
350
Let a(w) = -w**3 + 44*w**2 + 4558*w + 36. What is a(-49)?
-13
Let h(g) = -205465*g + 205405. What is h(1)?
-60
Let f(q) = -4*q**2 - 9447*q + 18903. Determine f(2).
-7
Let x(f) = -1263*f - 8780. Determine x(-7).
61
Let l(u) = u**3 - 12*u**2 + 11*u + 424. Give l(-13).
-3944
Let w(i) = -3*i**2 - 962*i + 38904. Give w(-357).
-9
Let g(n) = 3420*n - 24017. Calculate g(7).
-77
Let t(k) = 182473*k - 182483. Calculate t(1).
-10
Let g(h) = 90*h**2 - 21*h + 53. Determine g(3).
800
Let h(g) = -5*g**3 + 18*g**2 - 109*g + 180. Give h(2).
-6
Let c(v) = -v**3 - 32*v**2 + 1901*v + 30112. Calculate c(-14).
-30
Let a(n) = -57*n**3 + 7*n**2. Give a(2).
-428
Let u(j) = -209955*j + 209989. What is u(1)?
34
Let f(b) = 1719*b + 512256. Give f(-298).
-6
Let b(r) = -112424*r**2 + 562127*r - 51. Determine b(5).
-16
Let o(r) = -r**2 + 3730*r + 215873. Calculate o(-57).
14
Let u(c) = -8*c**2 - 945*c - 242. Calculate u(-120).
-2042
Let r(o) = -o**3 + 183*o**2 + 231*o - 9221. Give r(184).
-573
Let o(v) = 476*v + 66114. Calculate o(-139).
-50
Let o(g) = 240*g - 2022. What is o(7)?
-342
Let h(f) = -16*f**2 - 226*f - 899. Determine h(-8).
-115
Let n(m) = 2*m**3 + 194*m**2 + 145*m + 33345. Calculate n(-98).
-73
Let t(w) = -1156*w + 5119. Calculate t(4).
495
Let l(a) = 2*a**3 - 2*a**2 - 23*a + 81. Determine l(3).
48
Let c(a) = -64603*a + 323005. What is c(5)?
-10
Let q(g) = g**2 - 40*g + 1256. Determine q(45).
1481
Let v(h) = 1685*h - 465034. Give v(276).
26
Let f(a) = 16936*a - 2912987. What is f(172)?
5
Let p(t) = -86908*t + 27810560. Calculate p(320).
0
Let i(j) = -20*j**2 - 453*j - 50. Give i(-22).
236
Let f(v) = -34*v**2 + 41*v + 673. Calculate f(5).
28
Let z(o) = -o**3 + 35*o**2 - 171*o + 116. Give z(22).
2646
Let g(c) = -c**3 + 64*c**2 - 229*c + 6516. Calculate g(62).
6
Let m(r) = 41*r**3 - 279*r**2 - 57*r - 19. What is m(7)?
-26
Let u(o) = o**2 - 33021*o + 3259276. Determine u(99).
-2
Let q(p) = -p**2 + 24*p + 3761. What is q(90)?
-2179
Let h(s) = -2608*s - 53005. Determine h(-21).
1763
Let g(p) = 59*p - 2122. Calculate g(31).
-293
Let b(w) = 61*w**2 + 2658*w - 100. Determine b(-44).
1044
Let k(w) = -6*w**3 - 44*w**2 - 8*w - 38. Calculate k(-5).
-348
Let g(w) = 6*w**2 - 266*w + 641. Calculate g(40).
-399
Let v(g) = g**3 + 6*g**2 + 5*g - 1677. What is v(0)?
-1677
Let k(x) = x**3 - 21*x**2 + 51*x - 554. Give k(22).
1052
Let m(z) = -629*z + 4312. Give m(14).
-4494
Let a(p) = p**2 - 1031*p + 7207. Calculate a(7).
39
Let n(q) = 2*q**3 + 93*q**2 - 20*q + 1233. Determine n(-47).
-36
Let c(g) = 24353*g + 24346. What is c(-1)?
-7
Let v(x) = 29*x**3 - 30*x**2 - 140*x - 108. Determine v(-1).
-27
Let t(j) = 34*j**2 + 6654*j - 27173. What is t(4)?
-13
Let r(x) = x**3 - 129*x**2 - 4024*x + 57. Determine r(-26).
-99
Let k(t) = t**2 + 380*t - 167217. Determine k(261).
84
Let o(h) = 21555*h - 6444939. Determine o(299).
6
Let b(g) = g**3 - 203*g**2 + 8583*g + 183. Determine b(60).
363
Let q(x) = 487*x + 3859. Give q(-3).
2398
Let i(s) = -15645*s - 187696. Give i(-12).
44
Let i(s) = -s**2 + 401*s - 38741. What is i(238)?
53
Let a(g) = -52926*g - 105931. Calculate a(-2).
-79
Let w(i) = 2*i**3 - 21*i**2 - 16*i + 377. Give w(8).
-71
Let c(w) = -w**2 - 11790*w + 106166. Calculate c(9).
-25
Let f(x) = -x**2 + 3344*x + 26820. Calculate f(-8).
4
Let b(m) = -1324*m**2 - 103*m + 26. Determine b(0).
26
Let v(y) = 123*y + 22616. Calculate v(-172).
1460
Let m(s) = 295*s**2 - 5*s + 8. What is m(1)?
298
Let t(k) = k**2 + 20765*k + 145303. Give t(-7).
-3
Let m(v) = -5*v**3 - 2538*v**2 + 11281*v + 8694. Calculate m(-512).
-10
Let c(r) = 221*r**2 + 15693*r + 104. What is c(-71)?
-38
Let b(a) = 254*a**2 - 1218*a + 26. Determine b(5).
286
Let m(c) = 4*c**3 + 320*c**2 + 293*c - 1582. What is m(-79)?
235
Let b(u) = 259*u**3 + 334*u**2 + 11*u - 2. Determine b(-2).
-760
Let t(k) = -93*k**3 - 12*k**2 - 30*k + 40. What is t(1)?
-95
Let a(m) = m**2 - 163*m - 24462. Calculate a(258).
48
Let n(l) = -3*l**2 - 273*l + 1922. Determine n(-92).
1646
Let w(t) = 23202*t + 115309. Calculate w(-5).
-701
Let a(g) = g**2 + 128*g + 3295. Calculate a(-83).
-440
Let y(k) = -1218*k + 447009. Give y(367).
3
Let u(w) = w**3 + 9*w**2 + 116*w + 715. Give u(-7).
1
Let u(a) = 149*a**2 + 748*a. Determine u(-5).
-15
Let b(w) = 5*w**2 - 963*w + 24333. Determine b(30).
-57
Let m(f) = 2*f**2 + 486*f + 29436. What is m(-115)?
-4
Let g(d) = d**3 + 5*d**2 - 69*d - 18. Calculate g(6).
-36
Let w(t) = 3*t**3 - 106*t**2 + 246*t - 7. Calculate w(33).
488
Let b(w) = 4*w**2 + 167*w + 918. Calculate b(-24).
-786
Let f(i) = -5543*i - 1973291. Determine f(-356).
17
Let w(v) = -438*v**2 - 3057*v + 58. Determine w(-7).
-5
Let s(j) = 110*j - 26181. Determine s(239).
109
Let c(f) = f**3 + 34*f**2 + 272*f - 161. Give c(-20).
-1
Let q(t) = -3*t**3 + 81*t**2 + 66*t - 34. Calculate q(29).
-3166
Let r(q) = -2*q**2 - 151*q + 10552. Determine r(-123).
-1133
Let r(f) = -20736*f - 82929. Calculate r(-4).
15
Let w(q) = -q**3 - 5*q**2 + 11*q - 456. Determine w(7).
-967
Let x(p) = 272*p + 5717. Calculate x(-22).
-267
Let o(q) = 785*q + 7830. What is o(-10)?
-20
Let x(o) = -23*o**2 + 2247*o + 42759. What is x(114)?
9
Let c(z) = -z**3 - 117*z**2 + 732*z - 16853. Give c(-124).
11
Let v(h) = 109*h - 6468. Determine v(55).
-473
Let v(t) = 3069*t + 319224. Determine v(-104).
48
Let a(m) = 48704*m + 194540. Give a(-4).
-276
Let l(j) = 2*j**3 + 281*j**2 - 148*j - 198. Determine l(-141).
789
Let q(w) = w**3 - 66*w**2 + 1108*w - 40. What is q(28)?
1192
Let v(p) = -p**2 + 3009*p - 50. Calculate v(0).
-50
Let r(l) = 2*l**2 + 243*l - 10554. Determine r(34).
20
Let w(v) = v**2 + 555*v - 76248. What is w(114)?
18
Let j(y) = -13*y**2 + 2375*y + 7664. Give j(186).
-334
Let b(m) = -8*m**3 - 185*m**2 - 996*m + 364. Determine b(-14).
0
Let n(y) = -7*y**2 - 659*y + 9729. What is n(13)?
-21
Let g(y) = -y**3 - 127*y**2 - 2722*y + 1401. Calculate g(-28).
1
Let v(a) = 9*a**2 + 190*a + 9. Give v(-20).
-191
Let g(j) = -3539951*j - 14159787. Calculate g(-4).
17
Let x(b) = 11*b**2 + 412*b + 4619. Calculate x(-20).
779
Let g(j) = -6*j**2 - 225*j + 37019. Calculate g(62).
5
Let j(p) = -827*p**2 + 81042*p + 387. What is j(98)?
-5
Let w(d) = d**3 + 30*d**2 + d - 331. Determine w(-30).
-361
Let r(o) = -27*o - 3901. Determine r(-146).
41
Let k(d) = 3*d**3 - 21*d**2 + 103*d - 784. What is k(10)?
1146
Let h